243/36?
7
Let x = 25 - -634. Suppose 2*a + 86 = 5*a + j, 2*a = j + 64. Calculate the remainder when x is divided by a.
29
Let b(y) be the first derivative of y**2 + 35*y - 24. Calculate the remainder when b(20) is divided by 13.
10
Let h = 2260 - 2061. Calculate the remainder when 22883 is divided by h.
197
Suppose 108*x - 29684 = -15*x - 58*x. What is the remainder when 328 is divided by x?
0
Suppose -5*z + 3848 = k, -k - 700 + 4544 = z. Suppose -17*l + k = 4*l. Calculate the remainder when l is divided by 31.
28
Suppose -56*g - 725 + 7907 = -5978. What is the remainder when 5874 is divided by g?
234
Suppose 603*y - 607*y = -1324. What is the remainder when y is divided by 119?
93
Suppose p + 4*k = -553, -5*k - 493 = 2*p + 607. Let f = p - -915. Calculate the remainder when f is divided by 62.
60
Let p = 197 - 281. Let l = p - -96. What is the remainder when 58 is divided by l?
10
Let p(r) = 9*r**3 - 6*r**2 + 2*r + 4. Let b(y) = -y**3. Let n(i) = 5*b(i) + p(i). Calculate the remainder when n(4) is divided by 60.
52
Let p(q) = -3*q - 13. Suppose -n - 3*u = -80, 0*n - 64 = -n + u. Calculate the remainder when n is divided by p(-9).
12
Let v(l) be the second derivative of 5*l**4/12 - 115*l**3/6 + 9*l**2/2 - 159*l. What is the remainder when 63 is divided by v(23)?
0
Let a = 2299 + -2295. What is the remainder when 392 is divided by a?
0
Suppose -8*s = -7*s - 5. Suppose -s*g + 5*g = g. Let r(f) = f**3 - f**2 + f + 12. What is the remainder when 46 is divided by r(g)?
10
Suppose 104*r - 97*r = 504. Suppose 4*n - 85 - 26 = -w, 0 = 5*n - 5*w - 120. What is the remainder when r is divided by n?
18
Let f(i) = -2*i - 5. Let z be f(-7). Let j = z + 4. Suppose -66*x + 140 = -64*x + 4*v, -18*x - 4*v = -1324. Calculate the remainder when x is divided by j.
9
Suppose -3*h + 5290 = -5*z + 5888, 0 = 5*h + 30. Calculate the remainder when 3141 is divided by z.
9
Calculate the remainder when 288 is divided by ((-209)/95 + (0 - 3))/((-12)/120).
28
Suppose 3*g = 4*g - 78. Suppose -128 = -590*j + 574*j. Let k = g - j. Calculate the remainder when k is divided by 24.
22
Let t(j) be the second derivative of j**4/12 + 2*j**3/3 + 11*j**2 - 57*j. What is the remainder when 38 is divided by t(0)?
16
Let b = -1684 + 1748. What is the remainder when 2556 is divided by b?
60
Suppose 5*b = 4*h - 178, -4*h + 136 + 4 = -4*b. Calculate the remainder when 40 is divided by (2 + b/10)*(-95)/57.
1
Let t(r) = -1961*r + 6089. Suppose -208 = 3*v - 7*v. What is the remainder when t(3) is divided by v?
50
Let o be 38/14 + (-8)/(-28). Suppose -5*f - 165 = -4*v, 0*f - 234 = -5*v - o*f. Calculate the remainder when v is divided by -7*(-32)/112 + 21.
22
Let t(b) = 7*b**2 + 32*b + 66. Let o be t(-2). Suppose -19*r - o = -3830. Calculate the remainder when r is divided by 64.
8
Suppose 0 = 8*p - 481 - 175. Let w be 35 - -2*4/16*0. Suppose -4*a + g = -65, 4 = 3*a - 4*g - w. Calculate the remainder when p is divided by a.
14
Let z = 10060 + -10015. Calculate the remainder when 1391 is divided by z.
41
Suppose -46*k + 2400 + 84 = 0. Let z be 5/(-6) + (-2)/12. Let i = 9 + z. What is the remainder when k is divided by i?
6
Let z be -1 + -2 + 2 - -4. Suppose 30*j + 144 = 324. Calculate the remainder when j is divided by z + 4/(-6)*-3.
1
Let n(f) = -216*f + 1956. Calculate the remainder when n(6) is divided by 92.
16
Let k = -705 - -729. Let d = -27 + 65. Calculate the remainder when d is divided by k.
14
Let j be (2/(-5))/(38/(-12160)). Let q = j + -20. What is the remainder when q is divided by 7?
3
Suppose 0 = -78*p - 10153 + 92131. Calculate the remainder when p is divided by 345.
16
Suppose 3*v - 2 = -44, -8*j = -5*j + 5*v + 37. Let t(d) = 9*d. Let p be t(6). Suppose 0 = -s - 2*s + p. Calculate the remainder when s is divided by j.
7
Let j(q) = -3*q**3 - 22*q**2 - 8*q - 11. Calculate the remainder when j(-8) is divided by 14.
13
Let s = -4 + 8. Suppose s = -a - 5. What is the remainder when 4*1 - (a - 46) is divided by 16?
11
Suppose 5*z = -3*y + 137, 30 = y - 3*z + 3. Let i = -33 + y. Let c(x) = -x**3 + 6*x**2 + 3*x - 13. What is the remainder when 22 is divided by c(i)?
2
What is the remainder when (72/(-24) + 253)*34/4 is divided by 38?
35
Let o(t) = -t**2 + 6*t - 4. Let n = 38340 + -38330. What is the remainder when n is divided by o(4)?
2
Suppose -2*x - 4 = 0, 0 = -4*l - 0*l - 5*x + 310. Calculate the remainder when 13917 is divided by l.
77
Let h(d) = -92*d**2 + 569 - 3*d - 224 + 91*d**2 + 13*d. Calculate the remainder when 242 is divided by h(-14).
8
Let m(z) = z**2 - 2*z + 18. Let u be m(-9). Let j = -51 + u. Calculate the remainder when j is divided by 35.
31
Let q(h) = 20*h**2 + 8*h - 11. Let v be q(2). Suppose o + 3*d - 48 = 0, -10*d - v = -2*o - 5*d. What is the remainder when o is divided by 33?
12
Suppose -156*n = -198*n + 546. Let h = 76 - 43. What is the remainder when h is divided by n?
7
What is the remainder when 22355 is divided by (-3282)/(-30) + 3 - 5 - 27/(-45)?
107
Let c be 56 + 1 + (18 - 14). Let p = c - 32. Suppose v = 2*u + p, 7*v - 135 = 2*v + 5*u. Calculate the remainder when 68 is divided by v.
18
Let k(j) = -j**2 - 96*j - 1899. What is the remainder when 1625 is divided by k(-48)?
5
What is the remainder when 126 is divided by (12 + 16 - -36)/(2/(-4)*-4)?
30
Let t = -2308 - -2362. Let z = 235 + -24. Calculate the remainder when z is divided by t.
49
Let a(w) = w**2 - 5*w - 3. Let f be a(6). Let p = 9 - -4. Calculate the remainder when 7*1/f*21 is divided by p.
10
Let k = -19 + 46. Let l = k + 20. What is the remainder when 8 - (3 - (282 - 6)) is divided by l?
46
Suppose 3*s - 2*x = 50, 3*x + 36 + 48 = 5*s. Let w be (-3)/3*4/(-1). What is the remainder when w/s - (-1330)/90 is divided by 9?
6
Let g(u) = -295*u + 1191. Suppose -5*p = -0*p - 25, -4*k = 4*p - 324. Calculate the remainder when k is divided by g(4).
10
Let v be 2/(-10) - (-379992)/710. Suppose 8*k = -v + 599. Let s(h) = 8*h**3 - h**2 + h + 1. Calculate the remainder when s(2) is divided by k.
7
Let u = 1 - -4. Let j be u/(4 - 14)*0. Suppose 3*l + l - 76 = j. Calculate the remainder when l is divided by 10.
9
Let f(a) = a**3 + 29. Let n(c) = 101*c**2 + c - 33. Let l be n(-5). Suppose 17*k - l = 437. Calculate the remainder when k is divided by f(0).
27
Let h = -15659 - -15666. What is the remainder when 3155 is divided by h?
5
Suppose 17895 = 36*y - 25917. What is the remainder when y is divided by 33?
29
Calculate the remainder when 3/((-3)/(-13)) - -2 is divided by (((-22)/(-11))/(-2))/((-1)/2).
1
Suppose 78*a + 45*a - 2380 = 38*a. What is the remainder when 746 is divided by a?
18
Let q = 2290 - 1433. What is the remainder when q is divided by 11940/153 + 2076/(-52938)?
77
Let m = 157 - 145. Suppose -2*n + 70 = b, -n + 5*b + m = -34. What is the remainder when 68 is divided by n?
32
Let b = -9613 + 17513. Calculate the remainder when b is divided by 17.
12
Suppose -5 = -13*q + 29 + 18. Calculate the remainder when 108*(-1)/((-8)/18) is divided by q.
3
Suppose -3*q - 5*h - 283 = -1188, 1125 = 4*q - 5*h. What is the remainder when 6086 is divided by q?
286
What is the remainder when 51 is divided by 31 - (-4 - 19/(-1))?
3
Suppose 178 = -8*y + 930. Calculate the remainder when 471 is divided by y.
1
Suppose 4*w + 3626 - 971 = 3*v, -4*w - 2650 = 2*v. Let t = w - -695. Calculate the remainder when 63 is divided by t.
31
Suppose 6 = -2*u - 236. Let v = 135 + u. Calculate the remainder when (-550)/11*(-5)/((-25)/(-4)) is divided by v.
12
Let d(u) = -5*u - 31. Let y be d(-5). Calculate the remainder when 129 is divided by (-1 + 4 - 5)*y.
9
Let p = 12139 + -12107. Calculate the remainder when 310 is divided by p.
22
What is the remainder when -42*((-46)/(-667) - 1574/116) is divided by 68?
23
Let c = -9 - -13. Let y be (-12)/(-78) - (-3996)/52. Let m = 86 - y. What is the remainder when m is divided by c?
1
Suppose -13375 = 1706*x - 1813*x. What is the remainder when 872 is divided by x?
122
Suppose z - 235 = 2*z - 3*p, 4*z + 1000 = -3*p. Let x = 271 + z. What is the remainder when 70 is divided by x?
22
Suppose 6*d = -2*d - 32. Calculate the remainder when 219 is divided by ((-3)/6)/(d/296).
34
Let f(n) = 79*n - 801. What is the remainder when 142 is divided by f(11)?
6
Suppose 4*a + 3960 = 13*a. Let m 